5*h = -0*h + g. Let y = -9 - h. Calculate the highest common divisor of 4 and y.
4
Let m = -64 - -68. Suppose -3*c = -n - 143, 2*c + 97 = m*c - n. Calculate the greatest common factor of c and 506.
46
Suppose 10 = 3*d - 26. Let h = -227 + 374. Suppose u = i - 2*u - h, 3*i - 401 = u. Calculate the highest common factor of d and i.
12
Let c(t) = t**2 - 18*t + 30. Let d be c(20). Suppose -5*v = -12*v + d. Let b = 30 - 5. Calculate the highest common divisor of b and v.
5
Let n = 489 + -48. What is the highest common divisor of 63 and n?
63
Suppose 21*j - 23*j + 5*w = -71, 5*j - 152 = 4*w. Let i(s) = -s + 11. Let u be i(-10). What is the highest common divisor of j and u?
7
Suppose -2 - 10 = -3*v. Suppose -17 = -i - v*j - 4, i + 2*j = 9. Let c be (150/120)/(2/24). What is the greatest common divisor of c and i?
5
Suppose 4*d - 57 = 3*c, -4*d - 20 = -5*d - 5*c. Let h(m) = -m**2 - 29*m - 84. Let y be h(-12). What is the greatest common factor of y and d?
15
Let v be (20 - -3) + 1 + 4 + 0. What is the highest common factor of v and 8?
4
Suppose z - 10 = -2*r, 3*r + 1 = 5*z - 10. Let k be (-1)/(-3) + 2/r. Calculate the highest common factor of k and 2.
1
Let r(q) = q**2 - 2*q - 5. Let c be r(0). Let m(j) = -j**3 - 5*j**2 - 4*j - 7. Let k be m(c). What is the greatest common factor of 13 and k?
13
Let v(x) = x**2 + 6*x + 3. Let b be v(-7). Suppose 0 = 3*w + 2*w. Let s = 90 + w. Calculate the highest common factor of b and s.
10
Let u be 6/8*6*(11 - 9). Calculate the highest common divisor of u and 2.
1
Suppose 0 = 17*y - 10100 - 17678. What is the greatest common divisor of 86 and y?
86
Suppose 2*t - 15 = 7*t. Let n = t + 7. Suppose -n*k - 24 = -2*r, 3*r - 68 = -0*r - 2*k. What is the highest common divisor of r and 8?
4
Suppose -11 - 1 = 3*a. Let h = a + 10. Suppose 17 = u - 2*w, 5*u - 45 - 34 = 4*w. What is the highest common divisor of h and u?
3
Let g be -3 + (27 - (-5)/((-25)/(-10))). What is the highest common factor of 78 and g?
26
Let k = 70 - 65. Suppose 4*a = 4*p - 28, -2*p = -k*a - 0*a - 8. Suppose o - 10 = 2*c, -8*c + 4*c - 38 = -5*o. What is the greatest common factor of o and p?
3
Let s(j) = 19 + 2*j + 2*j - 3*j. Let v be (36 + -15)/(2*6/(-8)). Let c be s(v). Calculate the highest common factor of c and 5.
5
Suppose -5*u = -4*u + 3*i - 610, -3*u = -2*i - 1852. What is the greatest common factor of u and 14?
14
Let o = -429 + 279. Let i be 4/26 + o/(-39). Suppose 2*u + m = 3*m + 62, 5*m - 69 = -3*u. Calculate the greatest common divisor of i and u.
4
Suppose 4*o + 3*b - 4010 = 0, 4*o - 3994 = 4*b + b. Calculate the greatest common factor of o and 77.
77
Suppose b - 481 = -391. What is the highest common divisor of 140 and b?
10
Let r be 2*3/(-27) - (-91872)/81. What is the highest common divisor of 84 and r?
42
Suppose -4*k + 5*g + 2176 = 0, 9*k - 5*k = 4*g + 2172. What is the highest common divisor of 49 and k?
49
Suppose 0 = -6*c + 5*c + 4. Suppose c*n - 219 = 7*n. Let o = 137 + n. Calculate the highest common factor of 16 and o.
16
Let k(w) = 17*w + 12. Let b be k(1). Calculate the highest common divisor of 841 and b.
29
Let k = 946 + -925. Calculate the highest common divisor of k and 3.
3
Let o(b) = 3*b**3 - 42*b**2 + 3*b - 34. Let a be o(14). Calculate the highest common factor of 1 and a.
1
Suppose -3*t - 5*x = 8 - 51, 0 = 5*t - 3*x - 117. What is the highest common factor of t and 84?
21
Let p(d) = 4*d**2 + 4. Let j be p(3). Let n be 8 - (3 + 0) - -1. Let q = n - -4. What is the greatest common divisor of q and j?
10
Let q = 402 - 360. What is the greatest common factor of q and 14?
14
Suppose -v + 5*c = -120, -5*v + 295 + 221 = 3*c. Calculate the greatest common factor of 84 and v.
21
Suppose -4*u + 381 = 5*m, -3*u = -16*m + 17*m - 74. Calculate the greatest common factor of 231 and m.
77
Let d = -587 + 653. What is the greatest common factor of d and 165?
33
Let p be 196/(3 + -1) - -1. Let a be ((2/(-6))/(-1))/((5 + 0)/135). What is the highest common divisor of p and a?
9
Let w(r) = 4*r**2 + 9*r - 6. Let j be w(4). What is the highest common factor of j and 2?
2
Let g = -15 + 17. Suppose g*v + 0*v = 16. Suppose v = 4*h - 4. What is the greatest common factor of 6 and h?
3
Let v(i) = 573*i - 29. Let a(f) = -191*f + 10. Let z(l) = 17*a(l) + 6*v(l). Let h be z(1). Calculate the highest common factor of 17 and h.
17
Let v be (-2)/(-3 - 28/(-12)). Suppose 0*x - v*x + 3069 = 0. Suppose -2*z = -5*q - 399, -z + x = 4*z - 4*q. What is the greatest common divisor of z and 23?
23
Let u be -12*((-8)/(-6) + -2). Let s = 15 - u. Let w be (-86)/(-4) + s/14. What is the highest common factor of 2 and w?
2
Let s be (-8 - 3/(-1)) + (29 - 0). What is the highest common factor of s and 208?
8
Suppose 3*b + 4*o = -0*b - 2, 0 = o + 2. Suppose b*q + 0*q = 52. Calculate the greatest common divisor of q and 39.
13
Let f be (1978/(-14))/(-1) + 82/(-287). Suppose -18*b + 15*b = -f. Calculate the highest common factor of 188 and b.
47
Let v(h) = 15*h**2 - 3*h - 4. Let a be v(3). Suppose -4*b + 286 + a = 0. Suppose -4*o = -206 - b. What is the greatest common divisor of 11 and o?
11
Suppose 0 = 5*h - 5, -2*h - 3*h + 109 = 4*y. What is the greatest common factor of y and 247?
13
Suppose -9*r + 1408 + 122 = 0. What is the highest common factor of 51 and r?
17
Suppose 3412*f - 3411*f = 15. What is the greatest common divisor of f and 1095?
15
Suppose 8*b = -b + 36. Let j be 15 + (0 - (-16)/b). What is the greatest common factor of 38 and j?
19
Let l(d) = -7*d**2 - 26*d - 16 + 15*d**2 - 5*d**2 - 5*d**2. Let v be l(-10). Calculate the greatest common factor of v and 66.
22
Suppose 0 = 3*k + 3*l - 2472 - 636, 0 = 5*k - 2*l - 5152. What is the greatest common divisor of 4 and k?
4
Let o = 25 - 25. Let k(m) = -4*m + 70. Let y be k(o). What is the greatest common divisor of 7 and y?
7
Let x = -1 + 5. Let v(z) = -z**2 - 2. Let g be v(5). Let w = g - -47. Calculate the highest common divisor of x and w.
4
Let j = 561 + -557. What is the highest common factor of j and 416?
4
Let n be ((-20)/15 + 1)*-126. Suppose -5*j - 4*o = -o - n, -3*j = 5*o - 38. Let r = 15 - 3. What is the greatest common factor of r and j?
6
Let d = -462 - -464. What is the highest common divisor of d and 12?
2
Suppose -21 = -4*x - 9. Let w be (-22)/(-3) + x + 20/(-6). Calculate the highest common divisor of w and 21.
7
Suppose 2*w - 19 - 39 = -2*i, 4*i = -3*w + 113. Suppose 7*k - 321 = 134. What is the greatest common factor of i and k?
13
Let l be 6 + (-7)/28*-8. What is the greatest common divisor of l and 20?
4
Let s(y) = -y**3 - 4*y**2 + 3*y - 7. Let z be s(-5). Suppose -z = -2*n + n. Let u = -31 + 34. What is the greatest common divisor of u and n?
3
Suppose -24*x + 23*x = -13. Let h(c) = 12*c + 8. Let m be h(8). What is the greatest common divisor of x and m?
13
Let y(a) = -a**3 + a**2 + 15*a + 20. Let l be y(0). What is the greatest common factor of 580 and l?
20
Let y be ((-55)/20)/(11/(-528)). Let g(u) = 5*u - 3. Let b be 26/8 - (-1)/(-4). Let m be g(b). Calculate the highest common factor of m and y.
12
Suppose -8*p + 264 = -2*p. What is the highest common divisor of p and 44?
44
Let z be 9 - 13 - (-14 + 2). Calculate the greatest common divisor of z and 76.
4
Let c(j) = 5*j - 7. Let p be c(2). Suppose p*q - 3132 = -3*q. Suppose -5*f - 3*a + q = 143, -f + 71 = 3*a. What is the greatest common divisor of f and 11?
11
Suppose 385*s = 423*s - 1520. Calculate the greatest common divisor of 380 and s.
20
Let u(s) = -s**2 + 9*s. Let t(q) = -q**2 + 16*q + 20. Let a be t(17). Let m be u(a). Calculate the greatest common divisor of 9 and m.
9
Suppose 0 = 11*m - 17*m + 630. What is the highest common factor of m and 231?
21
Let a = -60 + 88. Suppose -21 = -5*k + 6*k. Let d = k + a. What is the greatest common divisor of d and 7?
7
Let r be (-2 - 16)*12/(-63)*7. Let m(y) = -y**3 + 6*y**2 + y - 3. Let j be m(6). Suppose -3*v + r = j. What is the highest common factor of v and 1?
1
Suppose 16*j - 538 = 694. Calculate the greatest common factor of 275 and j.
11
Let a = -6210 - -6370. Suppose 0 = -b + 10 + 22. Calculate the highest common divisor of b and a.
32
Suppose 0*k - 5*k - 420 = 0. Let j be k/(-49) - (-2)/7. Let l be 34 + j/(-4)*4. What is the greatest common divisor of 4 and l?
4
Suppose